{"id":61,"date":"2013-06-04T09:12:44","date_gmt":"2013-06-04T08:12:44","guid":{"rendered":"http:\/\/www.cld.fr\/portfolio\/?page_id=61"},"modified":"2020-06-15T12:51:59","modified_gmt":"2020-06-15T10:51:59","slug":"graphiste-independant-depuis-1992","status":"publish","type":"page","link":"http:\/\/www.cld.fr\/portfolio\/graphiste-independant-depuis-1992\/","title":{"rendered":"Graphiste ind\u00e9pendant depuis 1992"},"content":{"rendered":"<div class=\"su-image-carousel  su-image-carousel-has-spacing su-image-carousel-crop su-image-carousel-crop-21-9 su-image-carousel-has-lightbox su-image-carousel-has-outline su-image-carousel-adaptive su-image-carousel-slides-style-minimal su-image-carousel-controls-style-light su-image-carousel-align-center\" style=\"\" data-flickity-options='{\"groupCells\":true,\"cellSelector\":\".su-image-carousel-item\",\"adaptiveHeight\":false,\"cellAlign\":\"left\",\"prevNextButtons\":true,\"pageDots\":false,\"autoPlay\":3000,\"imagesLoaded\":true,\"contain\":true,\"selectedAttraction\":0.025,\"friction\":0.28}' id=\"su_image_carousel_69e1d7836700a\"><div class=\"su-image-carousel-item\"><div class=\"su-image-carousel-item-content\"><a href=\"http:\/\/www.cld.fr\/portfolio\/wp-content\/uploads\/2020\/06\/Charcuterie-Ollivier-calendrier-2020.jpg\" data-caption=\"\"><img width=\"851\" height=\"1275\" src=\"http:\/\/www.cld.fr\/portfolio\/wp-content\/uploads\/2020\/06\/Charcuterie-Ollivier-calendrier-2020.jpg\" class=\"\" alt=\"Charcuterie Ollivier calendrier 2020\" loading=\"lazy\" srcset=\"http:\/\/www.cld.fr\/portfolio\/wp-content\/uploads\/2020\/06\/Charcuterie-Ollivier-calendrier-2020.jpg 851w, http:\/\/www.cld.fr\/portfolio\/wp-content\/uploads\/2020\/06\/Charcuterie-Ollivier-calendrier-2020-200x300.jpg 200w, http:\/\/www.cld.fr\/portfolio\/wp-content\/uploads\/2020\/06\/Charcuterie-Ollivier-calendrier-2020-768x1151.jpg 768w, http:\/\/www.cld.fr\/portfolio\/wp-content\/uploads\/2020\/06\/Charcuterie-Ollivier-calendrier-2020-683x1024.jpg 683w, http:\/\/www.cld.fr\/portfolio\/wp-content\/uploads\/2020\/06\/Charcuterie-Ollivier-calendrier-2020-508x761.jpg 508w\" sizes=\"(max-width: 851px) 100vw, 851px\" \/><\/a><\/div><\/div><div class=\"su-image-carousel-item\"><div class=\"su-image-carousel-item-content\"><a href=\"http:\/\/www.cld.fr\/portfolio\/wp-content\/uploads\/2020\/06\/Charcuterie-Ollivier-4-menus-de-fetes-2016-2017-2018-2019.jpg\" data-caption=\"\"><img width=\"1723\" height=\"1130\" src=\"http:\/\/www.cld.fr\/portfolio\/wp-content\/uploads\/2020\/06\/Charcuterie-Ollivier-4-menus-de-fetes-2016-2017-2018-2019.jpg\" class=\"\" alt=\"Charcuterie Ollivier 4 menus de fetes 2016 2017 2018 2019\" loading=\"lazy\" srcset=\"http:\/\/www.cld.fr\/portfolio\/wp-content\/uploads\/2020\/06\/Charcuterie-Ollivier-4-menus-de-fetes-2016-2017-2018-2019.jpg 1723w, http:\/\/www.cld.fr\/portfolio\/wp-content\/uploads\/2020\/06\/Charcuterie-Ollivier-4-menus-de-fetes-2016-2017-2018-2019-300x197.jpg 300w, http:\/\/www.cld.fr\/portfolio\/wp-content\/uploads\/2020\/06\/Charcuterie-Ollivier-4-menus-de-fetes-2016-2017-2018-2019-768x504.jpg 768w, http:\/\/www.cld.fr\/portfolio\/wp-content\/uploads\/2020\/06\/Charcuterie-Ollivier-4-menus-de-fetes-2016-2017-2018-2019-1024x672.jpg 1024w, http:\/\/www.cld.fr\/portfolio\/wp-content\/uploads\/2020\/06\/Charcuterie-Ollivier-4-menus-de-fetes-2016-2017-2018-2019-310x203.jpg 310w, http:\/\/www.cld.fr\/portfolio\/wp-content\/uploads\/2020\/06\/Charcuterie-Ollivier-4-menus-de-fetes-2016-2017-2018-2019-770x505.jpg 770w\" sizes=\"(max-width: 1723px) 100vw, 1723px\" \/><\/a><\/div><\/div><div class=\"su-image-carousel-item\"><div class=\"su-image-carousel-item-content\"><a href=\"http:\/\/www.cld.fr\/portfolio\/wp-content\/uploads\/2020\/06\/MR-Pompes-stand.jpg\" data-caption=\"\"><img width=\"1200\" height=\"476\" src=\"http:\/\/www.cld.fr\/portfolio\/wp-content\/uploads\/2020\/06\/MR-Pompes-stand.jpg\" class=\"\" alt=\"MR Pompes stand\" loading=\"lazy\" srcset=\"http:\/\/www.cld.fr\/portfolio\/wp-content\/uploads\/2020\/06\/MR-Pompes-stand.jpg 1200w, http:\/\/www.cld.fr\/portfolio\/wp-content\/uploads\/2020\/06\/MR-Pompes-stand-300x119.jpg 300w, http:\/\/www.cld.fr\/portfolio\/wp-content\/uploads\/2020\/06\/MR-Pompes-stand-768x305.jpg 768w, http:\/\/www.cld.fr\/portfolio\/wp-content\/uploads\/2020\/06\/MR-Pompes-stand-1024x406.jpg 1024w, http:\/\/www.cld.fr\/portfolio\/wp-content\/uploads\/2020\/06\/MR-Pompes-stand-310x123.jpg 310w, http:\/\/www.cld.fr\/portfolio\/wp-content\/uploads\/2020\/06\/MR-Pompes-stand-770x305.jpg 770w\" sizes=\"(max-width: 1200px) 100vw, 1200px\" \/><\/a><\/div><\/div><div class=\"su-image-carousel-item\"><div class=\"su-image-carousel-item-content\"><a href=\"http:\/\/www.cld.fr\/portfolio\/wp-content\/uploads\/2020\/06\/Cabex-notice-de-pose-int.jpg\" data-caption=\"\"><img width=\"708\" height=\"500\" src=\"http:\/\/www.cld.fr\/portfolio\/wp-content\/uploads\/2020\/06\/Cabex-notice-de-pose-int.jpg\" class=\"\" alt=\"Cabex notice de pose int\" loading=\"lazy\" srcset=\"http:\/\/www.cld.fr\/portfolio\/wp-content\/uploads\/2020\/06\/Cabex-notice-de-pose-int.jpg 708w, http:\/\/www.cld.fr\/portfolio\/wp-content\/uploads\/2020\/06\/Cabex-notice-de-pose-int-300x212.jpg 300w, http:\/\/www.cld.fr\/portfolio\/wp-content\/uploads\/2020\/06\/Cabex-notice-de-pose-int-310x219.jpg 310w\" sizes=\"(max-width: 708px) 100vw, 708px\" \/><\/a><\/div><\/div><div class=\"su-image-carousel-item\"><div class=\"su-image-carousel-item-content\"><a href=\"http:\/\/www.cld.fr\/portfolio\/wp-content\/uploads\/2016\/05\/Beausejour_8pint.jpg\" data-caption=\"\"><img width=\"1002\" height=\"500\" src=\"http:\/\/www.cld.fr\/portfolio\/wp-content\/uploads\/2016\/05\/Beausejour_8pint.jpg\" class=\"\" alt=\"\u00a9 BEAUSEJOUR Immobilier - plaquette 8 pages 2\/2 - Christian LEROY D graphiste Bretagne C\u00f4tes-d\u2019Armor Ploumilliau\" loading=\"lazy\" srcset=\"http:\/\/www.cld.fr\/portfolio\/wp-content\/uploads\/2016\/05\/Beausejour_8pint.jpg 1002w, http:\/\/www.cld.fr\/portfolio\/wp-content\/uploads\/2016\/05\/Beausejour_8pint-300x150.jpg 300w, http:\/\/www.cld.fr\/portfolio\/wp-content\/uploads\/2016\/05\/Beausejour_8pint-768x383.jpg 768w, http:\/\/www.cld.fr\/portfolio\/wp-content\/uploads\/2016\/05\/Beausejour_8pint-310x155.jpg 310w, http:\/\/www.cld.fr\/portfolio\/wp-content\/uploads\/2016\/05\/Beausejour_8pint-770x384.jpg 770w\" sizes=\"(max-width: 1002px) 100vw, 1002px\" \/><\/a><\/div><\/div><div class=\"su-image-carousel-item\"><div class=\"su-image-carousel-item-content\"><a href=\"http:\/\/www.cld.fr\/portfolio\/wp-content\/uploads\/2016\/04\/ploumsite_ecran.jpg\" data-caption=\"\"><img width=\"900\" height=\"578\" src=\"http:\/\/www.cld.fr\/portfolio\/wp-content\/uploads\/2016\/04\/ploumsite_ecran.jpg\" class=\"\" alt=\"\u00a9 Ploumilliau .bzh site internet - Christian LEROY D graphiste Bretagne C\u00f4tes-d\u2019Armor Ploumilliau\" loading=\"lazy\" srcset=\"http:\/\/www.cld.fr\/portfolio\/wp-content\/uploads\/2016\/04\/ploumsite_ecran.jpg 900w, http:\/\/www.cld.fr\/portfolio\/wp-content\/uploads\/2016\/04\/ploumsite_ecran-300x192.jpg 300w, http:\/\/www.cld.fr\/portfolio\/wp-content\/uploads\/2016\/04\/ploumsite_ecran-310x199.jpg 310w, http:\/\/www.cld.fr\/portfolio\/wp-content\/uploads\/2016\/04\/ploumsite_ecran-770x494.jpg 770w\" sizes=\"(max-width: 900px) 100vw, 900px\" \/><\/a><\/div><\/div><div class=\"su-image-carousel-item\"><div class=\"su-image-carousel-item-content\"><a href=\"http:\/\/www.cld.fr\/portfolio\/wp-content\/uploads\/2015\/09\/METIS_Africa_dep_verso.jpg\" data-caption=\"\"><img width=\"1057\" height=\"500\" src=\"http:\/\/www.cld.fr\/portfolio\/wp-content\/uploads\/2015\/09\/METIS_Africa_dep_verso.jpg\" class=\"\" alt=\"\u00a9 METIS Africa - d\u00e9pliant verso - Christian LEROY Graphiste Bretagne C\u00f4tes-d\u2019Armor Ploumilliau\" loading=\"lazy\" srcset=\"http:\/\/www.cld.fr\/portfolio\/wp-content\/uploads\/2015\/09\/METIS_Africa_dep_verso.jpg 1057w, http:\/\/www.cld.fr\/portfolio\/wp-content\/uploads\/2015\/09\/METIS_Africa_dep_verso-300x141.jpg 300w, http:\/\/www.cld.fr\/portfolio\/wp-content\/uploads\/2015\/09\/METIS_Africa_dep_verso-1024x484.jpg 1024w, http:\/\/www.cld.fr\/portfolio\/wp-content\/uploads\/2015\/09\/METIS_Africa_dep_verso-310x146.jpg 310w, http:\/\/www.cld.fr\/portfolio\/wp-content\/uploads\/2015\/09\/METIS_Africa_dep_verso-770x364.jpg 770w\" sizes=\"(max-width: 1057px) 100vw, 1057px\" \/><\/a><\/div><\/div><div class=\"su-image-carousel-item\"><div class=\"su-image-carousel-item-content\"><a href=\"http:\/\/www.cld.fr\/portfolio\/wp-content\/uploads\/2015\/05\/MRP_stand_Pollutec.jpg\" data-caption=\"\"><img width=\"1289\" height=\"391\" src=\"http:\/\/www.cld.fr\/portfolio\/wp-content\/uploads\/2015\/05\/MRP_stand_Pollutec.jpg\" class=\"\" alt=\"\u00a9 MR Pompes - Christian LEROY Graphiste Bretagne C\u00f4tes-d\u2019Armor Ploumilliau\" loading=\"lazy\" srcset=\"http:\/\/www.cld.fr\/portfolio\/wp-content\/uploads\/2015\/05\/MRP_stand_Pollutec.jpg 1289w, http:\/\/www.cld.fr\/portfolio\/wp-content\/uploads\/2015\/05\/MRP_stand_Pollutec-300x91.jpg 300w, http:\/\/www.cld.fr\/portfolio\/wp-content\/uploads\/2015\/05\/MRP_stand_Pollutec-1024x310.jpg 1024w, http:\/\/www.cld.fr\/portfolio\/wp-content\/uploads\/2015\/05\/MRP_stand_Pollutec-310x94.jpg 310w, http:\/\/www.cld.fr\/portfolio\/wp-content\/uploads\/2015\/05\/MRP_stand_Pollutec-770x233.jpg 770w\" sizes=\"(max-width: 1289px) 100vw, 1289px\" \/><\/a><\/div><\/div><div class=\"su-image-carousel-item\"><div class=\"su-image-carousel-item-content\"><a href=\"http:\/\/www.cld.fr\/portfolio\/wp-content\/uploads\/2015\/05\/AuPainPlie_fetes.jpg\" data-caption=\"\"><img width=\"709\" height=\"500\" src=\"http:\/\/www.cld.fr\/portfolio\/wp-content\/uploads\/2015\/05\/AuPainPlie_fetes.jpg\" class=\"\" alt=\"\u00a9 Au Pain Pli\u00e9 - Christian LEROY Graphiste Bretagne C\u00f4tes-d\u2019Armor Ploumilliau\" loading=\"lazy\" srcset=\"http:\/\/www.cld.fr\/portfolio\/wp-content\/uploads\/2015\/05\/AuPainPlie_fetes.jpg 709w, http:\/\/www.cld.fr\/portfolio\/wp-content\/uploads\/2015\/05\/AuPainPlie_fetes-300x211.jpg 300w, http:\/\/www.cld.fr\/portfolio\/wp-content\/uploads\/2015\/05\/AuPainPlie_fetes-310x218.jpg 310w\" sizes=\"(max-width: 709px) 100vw, 709px\" \/><\/a><\/div><\/div><div class=\"su-image-carousel-item\"><div class=\"su-image-carousel-item-content\"><a href=\"http:\/\/www.cld.fr\/portfolio\/wp-content\/uploads\/2013\/06\/GECN21.jpg\" data-caption=\"\"><img width=\"751\" height=\"500\" src=\"http:\/\/www.cld.fr\/portfolio\/wp-content\/uploads\/2013\/06\/GECN21.jpg\" class=\"\" alt=\"\u00a9 GE - Christian LEROY Graphiste Bretagne C\u00f4tes-d&#039;Armor Ploumilliau\" loading=\"lazy\" srcset=\"http:\/\/www.cld.fr\/portfolio\/wp-content\/uploads\/2013\/06\/GECN21.jpg 751w, http:\/\/www.cld.fr\/portfolio\/wp-content\/uploads\/2013\/06\/GECN21-300x199.jpg 300w, http:\/\/www.cld.fr\/portfolio\/wp-content\/uploads\/2013\/06\/GECN21-310x206.jpg 310w\" sizes=\"(max-width: 751px) 100vw, 751px\" \/><\/a><\/div><\/div><div class=\"su-image-carousel-item\"><div class=\"su-image-carousel-item-content\"><a href=\"http:\/\/www.cld.fr\/portfolio\/wp-content\/uploads\/2013\/06\/WPS51.jpg\" data-caption=\"\"><img width=\"709\" height=\"500\" src=\"http:\/\/www.cld.fr\/portfolio\/wp-content\/uploads\/2013\/06\/WPS51.jpg\" class=\"\" alt=\"\u00a9 Well Pumps - Christian LEROY Graphiste Bretagne C\u00f4tes-d&#039;Armor Ploumilliau\" loading=\"lazy\" srcset=\"http:\/\/www.cld.fr\/portfolio\/wp-content\/uploads\/2013\/06\/WPS51.jpg 709w, http:\/\/www.cld.fr\/portfolio\/wp-content\/uploads\/2013\/06\/WPS51-300x211.jpg 300w, http:\/\/www.cld.fr\/portfolio\/wp-content\/uploads\/2013\/06\/WPS51-310x218.jpg 310w\" sizes=\"(max-width: 709px) 100vw, 709px\" \/><\/a><\/div><\/div><div class=\"su-image-carousel-item\"><div class=\"su-image-carousel-item-content\"><a href=\"http:\/\/www.cld.fr\/portfolio\/wp-content\/uploads\/2013\/06\/MASCAT21.jpg\" data-caption=\"\"><img width=\"772\" height=\"500\" src=\"http:\/\/www.cld.fr\/portfolio\/wp-content\/uploads\/2013\/06\/MASCAT21.jpg\" class=\"\" alt=\"\u00a9 Dresser Masoneilan \u2013 Christian LEROY Graphiste Bretagne C\u00f4tes-d\u2019Armor Ploumilliau\" loading=\"lazy\" srcset=\"http:\/\/www.cld.fr\/portfolio\/wp-content\/uploads\/2013\/06\/MASCAT21.jpg 772w, http:\/\/www.cld.fr\/portfolio\/wp-content\/uploads\/2013\/06\/MASCAT21-300x194.jpg 300w, http:\/\/www.cld.fr\/portfolio\/wp-content\/uploads\/2013\/06\/MASCAT21-310x200.jpg 310w, http:\/\/www.cld.fr\/portfolio\/wp-content\/uploads\/2013\/06\/MASCAT21-770x498.jpg 770w\" sizes=\"(max-width: 772px) 100vw, 772px\" \/><\/a><\/div><\/div><div class=\"su-image-carousel-item\"><div class=\"su-image-carousel-item-content\"><a href=\"http:\/\/www.cld.fr\/portfolio\/wp-content\/uploads\/2013\/06\/MASMM11.jpg\" data-caption=\"\"><img width=\"1149\" height=\"500\" src=\"http:\/\/www.cld.fr\/portfolio\/wp-content\/uploads\/2013\/06\/MASMM11.jpg\" class=\"\" alt=\"\u00a9 Dresser Masoneilan \u2013 Christian LEROY Graphiste Bretagne C\u00f4tes-d\u2019Armor Ploumilliau\" loading=\"lazy\" srcset=\"http:\/\/www.cld.fr\/portfolio\/wp-content\/uploads\/2013\/06\/MASMM11.jpg 1149w, http:\/\/www.cld.fr\/portfolio\/wp-content\/uploads\/2013\/06\/MASMM11-300x130.jpg 300w, http:\/\/www.cld.fr\/portfolio\/wp-content\/uploads\/2013\/06\/MASMM11-1024x445.jpg 1024w, http:\/\/www.cld.fr\/portfolio\/wp-content\/uploads\/2013\/06\/MASMM11-310x134.jpg 310w, http:\/\/www.cld.fr\/portfolio\/wp-content\/uploads\/2013\/06\/MASMM11-770x335.jpg 770w\" sizes=\"(max-width: 1149px) 100vw, 1149px\" \/><\/a><\/div><\/div><div class=\"su-image-carousel-item\"><div class=\"su-image-carousel-item-content\"><a href=\"http:\/\/www.cld.fr\/portfolio\/wp-content\/uploads\/2013\/06\/MED5G.jpg\" data-caption=\"\"><img width=\"800\" height=\"381\" src=\"http:\/\/www.cld.fr\/portfolio\/wp-content\/uploads\/2013\/06\/MED5G.jpg\" class=\"\" alt=\"\u00a9 Breast Care \u2013 Christian LEROY Graphiste Bretagne C\u00f4tes-d\u2019Armor Ploumilliau\" loading=\"lazy\" srcset=\"http:\/\/www.cld.fr\/portfolio\/wp-content\/uploads\/2013\/06\/MED5G.jpg 800w, http:\/\/www.cld.fr\/portfolio\/wp-content\/uploads\/2013\/06\/MED5G-300x142.jpg 300w, http:\/\/www.cld.fr\/portfolio\/wp-content\/uploads\/2013\/06\/MED5G-310x147.jpg 310w, http:\/\/www.cld.fr\/portfolio\/wp-content\/uploads\/2013\/06\/MED5G-770x366.jpg 770w\" sizes=\"(max-width: 800px) 100vw, 800px\" \/><\/a><\/div><\/div><div class=\"su-image-carousel-item\"><div class=\"su-image-carousel-item-content\"><a href=\"http:\/\/www.cld.fr\/portfolio\/wp-content\/uploads\/2013\/06\/EBA21.jpg\" data-caption=\"\u00a9 CLD - Ebara\"><img width=\"709\" height=\"500\" src=\"http:\/\/www.cld.fr\/portfolio\/wp-content\/uploads\/2013\/06\/EBA21.jpg\" class=\"\" alt=\"\u00a9 CLD - Ebara\" loading=\"lazy\" srcset=\"http:\/\/www.cld.fr\/portfolio\/wp-content\/uploads\/2013\/06\/EBA21.jpg 709w, http:\/\/www.cld.fr\/portfolio\/wp-content\/uploads\/2013\/06\/EBA21-300x211.jpg 300w, http:\/\/www.cld.fr\/portfolio\/wp-content\/uploads\/2013\/06\/EBA21-310x218.jpg 310w\" sizes=\"(max-width: 709px) 100vw, 709px\" \/><\/a><\/div><\/div><div class=\"su-image-carousel-item\"><div class=\"su-image-carousel-item-content\"><a href=\"http:\/\/www.cld.fr\/portfolio\/wp-content\/uploads\/2013\/06\/TEC31.jpg\" data-caption=\"\"><img width=\"709\" height=\"500\" src=\"http:\/\/www.cld.fr\/portfolio\/wp-content\/uploads\/2013\/06\/TEC31.jpg\" class=\"\" alt=\"\" loading=\"lazy\" srcset=\"http:\/\/www.cld.fr\/portfolio\/wp-content\/uploads\/2013\/06\/TEC31.jpg 709w, http:\/\/www.cld.fr\/portfolio\/wp-content\/uploads\/2013\/06\/TEC31-300x211.jpg 300w, http:\/\/www.cld.fr\/portfolio\/wp-content\/uploads\/2013\/06\/TEC31-310x218.jpg 310w\" sizes=\"(max-width: 709px) 100vw, 709px\" \/><\/a><\/div><\/div><\/div><script id=\"su_image_carousel_69e1d7836700a_script\">if(window.SUImageCarousel){setTimeout(function() {window.SUImageCarousel.initGallery(document.getElementById(\"su_image_carousel_69e1d7836700a\"))}, 0);}var su_image_carousel_69e1d7836700a_script=document.getElementById(\"su_image_carousel_69e1d7836700a_script\");if(su_image_carousel_69e1d7836700a_script){su_image_carousel_69e1d7836700a_script.parentNode.removeChild(su_image_carousel_69e1d7836700a_script);}<\/script>\n<h2><strong>Cr\u00e9ations graphiques de tous vos supports de communication<\/strong><\/h2>\n<p><span style=\"color: #a9398b; font-size: 16px;\"><strong>Cr\u00e9ation de votre identit\u00e9 visuelle :<\/strong><\/span> Logotype, charte graphique, carte de visite, correspondance, &#8230;<br \/>\n<span style=\"color: #a9398b; font-size: 16px;\"><strong>Conception graphique de vos imprim\u00e9s\u00a0<\/strong><\/span>: Brochure, flyer, d\u00e9pliant, plaquette, catalogue, &#8230;<br \/>\n<span style=\"color: #a9398b; font-size: 16px;\"><strong>Graphisme publicitaire<\/strong><\/span>\u00a0: Annonce-presse, marquage, panneau, stand, totem, &#8230;<br \/>\n<span style=\"color: #a9398b; font-size: 16px;\"><strong>Design web <\/strong><\/span>: CMS WordPress, portfolio\u00a0d&rsquo;artiste, &#8230;<br \/>\n<span style=\"color: #fff; font-size: 16px;\">\u00a0<\/span><\/p>\n<h2><strong>Conseil et suivi de la cha\u00eene graphique<\/strong><\/h2>\n<p><span style=\"color: #a9398b;\"><strong>Je vous conseille et vous oriente<\/strong><\/span> vers\u00a0des prestataires de la cha\u00eene graphique innovants et performants :<br \/>\n<strong><span style=\"color: #a9398b;\">imprimeurs<\/span><\/strong>, <span style=\"color: #a9398b;\"><strong>s\u00e9rigraphes<\/strong><\/span>, <strong><span style=\"color: #a9398b;\">partenaires internet<\/span><\/strong>, &#8230; afin de vous permettre d&rsquo;obtenir un produit fini de qualit\u00e9.<br \/>\n<span style=\"color: #fff; font-size: 16px;\">\u00a0<\/span><\/p>\n<h2><strong>Des centaines de r\u00e9alisations<br \/>\net de tr\u00e8s nombreuses r\u00e9f\u00e9rences clients<\/strong><\/h2>\n<p><span style=\"color: #a9398b;\"><strong>Depuis 1992<\/strong><\/span>, de tr\u00e8s nombreux clients m&rsquo;ont fait confiance, entreprises internationales, PME-PMI, artisans-commer\u00e7ants, collectivit\u00e9s, &#8230;<\/p>\n<p><span style=\"color: #a9398b;\"><strong>&gt;\u00a0<a title=\"R\u00e9f\u00e9rences clients\" href=\"http:\/\/www.cld.fr\/portfolio\/references-clients\/\">VOIR LES R\u00c9F\u00c9RENCES &#8230;<\/a><\/strong><\/span><\/p>\n<p><span style=\"color: #a9398b;\"><strong>&gt;\u00a0<a title=\"Contact\" href=\"http:\/\/www.cld.fr\/portfolio\/contact\/\">DEMANDER UN DEVIS &#8230;<\/a><\/strong>\u00a0<\/span><\/p>\n","protected":false},"excerpt":{"rendered":"<p>Cr\u00e9ations graphiques de tous vos supports de communication Cr\u00e9ation de votre identit\u00e9 visuelle : Logotype, charte graphique, carte de visite, correspondance, &#8230; Conception graphique de vos imprim\u00e9s\u00a0: Brochure,&#8230;<\/p>\n","protected":false},"author":1,"featured_media":0,"parent":0,"menu_order":0,"comment_status":"closed","ping_status":"closed","template":"","meta":[],"_links":{"self":[{"href":"http:\/\/www.cld.fr\/portfolio\/wp-json\/wp\/v2\/pages\/61"}],"collection":[{"href":"http:\/\/www.cld.fr\/portfolio\/wp-json\/wp\/v2\/pages"}],"about":[{"href":"http:\/\/www.cld.fr\/portfolio\/wp-json\/wp\/v2\/types\/page"}],"author":[{"embeddable":true,"href":"http:\/\/www.cld.fr\/portfolio\/wp-json\/wp\/v2\/users\/1"}],"replies":[{"embeddable":true,"href":"http:\/\/www.cld.fr\/portfolio\/wp-json\/wp\/v2\/comments?post=61"}],"version-history":[{"count":21,"href":"http:\/\/www.cld.fr\/portfolio\/wp-json\/wp\/v2\/pages\/61\/revisions"}],"predecessor-version":[{"id":1203,"href":"http:\/\/www.cld.fr\/portfolio\/wp-json\/wp\/v2\/pages\/61\/revisions\/1203"}],"wp:attachment":[{"href":"http:\/\/www.cld.fr\/portfolio\/wp-json\/wp\/v2\/media?parent=61"}],"curies":[{"name":"wp","href":"https:\/\/api.w.org\/{rel}","templated":true}]}}